- 10. What are the prime factors of l?
13
Suppose 7*b - 3*b - 220 = 0. Suppose -3*a + b = -8. What are the prime factors of a?
3, 7
What are the prime factors of (0 + 5)/(((-9)/(-3))/9)?
3, 5
Suppose 0 = -3*a + 3 + 42. List the prime factors of a.
3, 5
Let o = 139 + -94. Suppose -o = -6*q + 3*q. List the prime factors of q.
3, 5
Let c(q) = 2*q**3 - q**3 + 1 + 2*q + 1 - 3*q**2. Let z(i) = i**3 + 4*i**2 + 3*i + 3. Let b be z(-3). List the prime factors of c(b).
2
Let u(y) = 12*y - 12. What are the prime factors of u(6)?
2, 3, 5
Let o(t) = t**2 + 11*t - 2. Let s be o(-12). Suppose 0*m = -m + 21. Let x = m - s. What are the prime factors of x?
11
List the prime factors of 12 + (-15)/(2 - -3).
3
Suppose 85 = -3*i + 235. Suppose 0*s = -5*s + i. List the prime factors of s.
2, 5
Let z be ((-28)/(-6))/((-38)/(-285)). Let b = -1 + z. What are the prime factors of b?
2, 17
Suppose r + g - 3*g - 6 = 0, 4*r + 4*g = 0. Let h(p) = -p**2 + 3*p - 2. Let z be h(r). Let m = z - -14. List the prime factors of m.
2, 7
Let p = -36 - -92. List the prime factors of p.
2, 7
Let l(b) = b - 4. Let z be l(4). Suppose 0 = -2*t - z + 8. Suppose -4*q + 5 = -4*w - 3, -2*q = -t*w. List the prime factors of q.
2
Let r(t) = -6*t**3 + 2*t**2 + 3*t. Let v be r(-2). Suppose 5*i + 0*i = v. What are the prime factors of i?
2, 5
Let s be 16/(-12)*(0 - -27). Let d be (s/30)/((-4)/10). Suppose -h + 2*p = -10, 0 = d*h - 4*h - 5*p + 10. List the prime factors of h.
2, 5
Suppose -w = -4*w + 15. Suppose -w*x + 3*x + 16 = 0. List the prime factors of x.
2
Let r(s) = -s**3 + 4*s**2 + 6*s. Suppose 15 = -0*h + 3*h - 3*j, -j = 0. Let b be r(h). Suppose -b*q = 20, 3*f - 40 = 4*q - 0*q. What are the prime factors of f?
2
Let i be (-82)/(-14) + (-4)/(-28). List the prime factors of (-39)/(-2) + (-3)/i.
19
Suppose -x + 3*l + 51 = 0, -x + 3*l + 30 = 7*l. Suppose m - 73 = -3*g, 2*g + x = 4*g - m. What are the prime factors of g?
23
Let k = -37 + 56. List the prime factors of k.
19
Suppose 2*p + 44 = 128. What are the prime factors of p?
2, 3, 7
Let j = 6 - 4. Let p(w) = -w + w - w + j. List the prime factors of p(0).
2
Suppose 0 = w + 3*w - 12. Suppose 5*c - 11 = -3*p, 31 = 5*p - c + w*c. List the prime factors of p.
7
Let p = -174 - -287. What are the prime factors of p?
113
Let f(m) be the third derivative of m**5/60 + m**4/3 - 3*m**3/2 - 6*m**2. What are the prime factors of f(-11)?
2, 3
Suppose 0*g = -3*g + 54. What are the prime factors of g?
2, 3
Let r = -15 + 34. List the prime factors of r.
19
Suppose -47 = -k + 3*q, 6*q - q = 10. List the prime factors of k.
53
List the prime factors of (-11)/(-4)*(-11 - -23).
3, 11
Let z = -4 + -10. Let d be (-1 + 0)*-1*z. Let n = d - -25. List the prime factors of n.
11
Let z = -6 - -4. Let x be (-4)/(-14) - z/(-7). Suppose 2*n - a - 19 = x, a = -3*n + 1 + 25. What are the prime factors of n?
3
Let y be 1 + -1 + (2 - 1). Let p be (-104)/56 + 2/(-14). Let k = y - p. What are the prime factors of k?
3
Let f(r) = -r**2 - 6*r - 2. Let w be f(-5). Suppose -3*s = -w*c - 75, 0*c = 3*s - 2*c - 71. What are the prime factors of s?
3, 7
Suppose 3*k = -2*k. Suppose k = 3*s - 1 - 11. List the prime factors of s.
2
Let f(n) = 6*n - 13. List the prime factors of f(7).
29
Let m be -1*4/(-2) + 2. Let w(k) = -k**3 + 3*k**2 + 4*k + 2. Let l be w(m). What are the prime factors of -4*(l + (-21)/6)?
2, 3
Let s be (5 - -1)*16/12. List the prime factors of 105/20 - 2/s.
5
Let t be ((-4)/(-8))/((-2)/60). What are the prime factors of 0 + (0 - -1 - t)?
2
Suppose 4*u + 2*l - 13 - 105 = 0, 5*l = -5*u + 135. What are the prime factors of u?
2
Let c = -5 + 7. Suppose c = -m - 16. List the prime factors of (2 - 2) + (1 - m).
19
Let b be (2/6)/((-1)/(-12)). Suppose c - 6*t - 23 = -b*t, 5*t = 20. What are the prime factors of c?
31
Let a be 60/50*70/3. Suppose -4*k = -80 - a. What are the prime factors of k?
3
Let j(y) be the second derivative of -y**3/3 + y**2/2 - 6*y. List the prime factors of j(-7).
3, 5
Let k(h) = -h**3 - 6*h**2 + 5*h - 10. List the prime factors of k(-9).
2, 47
Let u(t) = 3*t**2 + 4*t + 1. List the prime factors of u(-4).
3, 11
What are the prime factors of (16/(-40))/(2/(-205))?
41
Suppose 2*c - 18 = -5*u, -u + 4*c - 12 = u. Suppose u*x + 29 + 1 = 0. Let d = x - -23. List the prime factors of d.
2
Let g = 72 - 43. List the prime factors of g.
29
Let t = 160 - 62. List the prime factors of t.
2, 7
Let s(k) = -7*k**2 + 30*k - 15. Let t(r) = 3*r**2 - 15*r + 7. Let n(w) = 4*s(w) + 9*t(w). List the prime factors of n(-15).
3
Let x(h) = 6*h**2 + h + 2. What are the prime factors of x(-5)?
3, 7
Let s be (-1)/3 - 85/15. Let t be (-30)/4*20/s. Suppose -2*p - c + 45 = -6*c, -5*p - 5*c = -t. List the prime factors of p.
2, 5
Let i = 21 - -27. Let u = i - 20. List the prime factors of u.
2, 7
List the prime factors of 0 - -112 - (-3)/1.
5, 23
Let g(q) = -q - 4. Let k be g(-3). Suppose -8*f = -f. What are the prime factors of (f + -7)*k*1?
7
Suppose 7*s - 4*q - 252 = 2*s, -3*s = 3*q - 162. List the prime factors of s.
2, 13
Suppose -5*b + 8 = 3. Suppose -58 = -0*i - 3*i + n, -4*n = -i + b. What are the prime factors of i?
3, 7
Let y = -63 + 16. Let f = y + 28. Let r = f - -27. What are the prime factors of r?
2
Let f = 9 + -1. Let z(d) = 2*d + 8. List the prime factors of z(f).
2, 3
List the prime factors of (-6)/9*264/(-16).
11
Let z(l) = -l**2 + 16. Let a be z(0). Suppose i + 3*i = a. List the prime factors of i.
2
Suppose 0 = 2*s + 3*s - i - 837, -s = -3*i - 159. What are the prime factors of s?
2, 3, 7
Let w(u) be the second derivative of u**4/4 - u**3/2 - 3*u**2/2 + 3*u. List the prime factors of w(-2).
3, 5
Let r = 394 - 221. What are the prime factors of r?
173
Suppose -3*z + 0*z + 5*v = -6, -4*z + 3*v + 19 = 0. Let q = -5 + z. List the prime factors of q.
2
Suppose 421 = 4*n + 3*j, 0 = -3*n + 5*j + 192 + 131. What are the prime factors of n?
2, 53
Suppose 3*j = -5*j + 968. List the prime factors of j.
11
Let x = 4 - 4. Suppose 0 = 2*v + t - 15, -3*v + x*v + 36 = -3*t. What are the prime factors of v?
3
Suppose -4*f + j = -3, 0*j + j = -3*f + 11. Let r(s) = s**2 + 2*s - 3. Let w be r(f). Suppose 3 = -2*i + 5*k + w, -2 = i - 4*k. List the prime factors of i.
2, 3
List the prime factors of ((-10)/(-6))/(5/90).
2, 3, 5
Suppose -54 = -3*r + 2*f, -5*f + 17 = -0*r + 2*r. Let l = r + -1. What are the prime factors of -2 - (-5)/(l/24)?
2, 3
Let g(n) = n**3 + 10*n**2. Let m be g(-10). Suppose 4*o - 12 = q - 3*q, 3*q + 2*o - 14 = m. Suppose -q*d + 2*d = -26. List the prime factors of d.
13
Let g(t) = 3*t**2 - 3*t. List the prime factors of g(4).
2, 3
Let q = -27 - -52. What are the prime factors of q?
5
Let c be ((-6)/(-3) + -2)*-1. Suppose -r - 2*r + 24 = c. List the prime factors of r.
2
Suppose -4*t = t - 15. Suppose 24 = 5*s - t*s. What are the prime factors of s?
2, 3
Let r be 1/5 + 95/25. What are the prime factors of (-4 - (-12)/r)*-11?
11
Let n(v) = 2*v**2 - 6*v - 6. Let o be (8/6)/((-4)/(-18)). List the prime factors of n(o).
2, 3, 5
List the prime factors of 193/(11 + -6 - 4).
193
Let y(b) = b**2 - 8*b - 18. Let s be y(11). Let t = s - 13. List the prime factors of t.
2
What are the prime factors of ((-12)/8 - -2)*(-1 + 5)?
2
Let c(p) be the second derivative of -p**5/20 - p**4/6 + p**3/2 + p**2/2 - 2*p. Let q be c(-3). List the prime factors of q*2/((-6)/(-15)).
5
Suppose 0 = 3*b - 12 - 45. What are the prime factors of b?
19
Let b = 4 - 1. List the prime factors of b.
3
Let f(k) = 4*k - 5. Let q be f(2). Suppose z - 5*l = 13, 0*z - 5*z + q*l + 153 = 0. List the prime factors of z.
3, 11
Let s(d) = -3*d - 20. List the prime factors of s(-16).
2, 7
Let f = 12 + -6. Let l be f/4 - (-1)/2. Suppose -s + 39 = l*s. List the prime factors of s.
13
Let w(a) = -a**2 - 3*a + 2. Let m be w(-3). Suppose -m = j, 2*i - 6*i + 160 = 2*j. List the prime factors of i.
41
List the prime factors of (-4)/6*(1 - (-325)/(-10)).
3, 7
Suppose -5*f + 3*x = -655, -131 = -f - 2*x + 3*x. List the prime factors of f.
131
Suppose -26 = -2*s + 5*p, 4*s - 5*p = 5*s + 2. Let a = s + -6. List the prime factors of a.
2
Let b(u) = -3 + 7 + 7*u + 0*u**2 - u**2. Let o = -16 + 22. List the prime factors of b(o).
2, 5
Let r(s) = -s**2 - 2*s + 1. Let x be r(-3). Let w = -11 - x. Let k(m) = m**3 + 9*m**2 -